mon divisor of 28611 and 68.
17
What is the highest common divisor of 84159 and 243?
81
Calculate the greatest common divisor of 1652810 and 76.
38
What is the greatest common factor of 12 and 10596?
12
Calculate the greatest common divisor of 11819 and 51513.
223
What is the highest common divisor of 918 and 847518?
102
Calculate the highest common factor of 29785 and 460.
115
Calculate the highest common factor of 10764 and 2028.
156
What is the greatest common factor of 1190 and 1057570?
170
What is the highest common divisor of 7 and 289646?
7
Calculate the highest common factor of 203411 and 13.
13
What is the highest common factor of 2704 and 1616?
16
What is the greatest common divisor of 71730 and 810?
90
Calculate the highest common factor of 164 and 631892.
164
What is the greatest common divisor of 53 and 9752?
53
What is the greatest common divisor of 873 and 699?
3
Calculate the highest common divisor of 28504 and 1960.
56
Calculate the highest common divisor of 435 and 73776.
87
What is the highest common factor of 62874 and 504?
126
What is the highest common divisor of 10125 and 36?
9
Calculate the greatest common divisor of 26775 and 18615.
255
What is the greatest common factor of 292910 and 170?
170
Calculate the highest common divisor of 5843759 and 101.
101
Calculate the greatest common factor of 5649 and 7729715.
1883
What is the greatest common factor of 3830 and 210?
10
What is the highest common divisor of 25 and 699925?
25
Calculate the highest common divisor of 96 and 5912112.
48
Calculate the greatest common divisor of 11281 and 8787.
29
Calculate the highest common divisor of 1281 and 1180533.
183
What is the highest common factor of 92880 and 301?
43
Calculate the highest common factor of 18051018 and 762.
762
What is the highest common factor of 49088 and 351286?
1534
Calculate the highest common divisor of 2037 and 71489.
97
Calculate the highest common divisor of 10255 and 693.
7
Calculate the highest common divisor of 4128 and 1056.
96
What is the greatest common factor of 1079 and 325?
13
What is the highest common divisor of 30 and 68480?
10
What is the highest common divisor of 150 and 785025?
75
What is the greatest common factor of 208 and 5231824?
208
What is the greatest common divisor of 9 and 714897?
9
Calculate the highest common factor of 6061 and 13949.
29
Calculate the highest common factor of 2874 and 312.
6
Calculate the greatest common divisor of 120 and 25590.
30
What is the greatest common divisor of 26913 and 12?
3
Calculate the highest common divisor of 7 and 1891925.
7
Calculate the greatest common divisor of 50 and 15475.
25
Calculate the highest common factor of 5336 and 696.
232
What is the highest common divisor of 242 and 19?
1
Calculate the highest common factor of 13 and 80119.
13
Calculate the greatest common divisor of 9672 and 8502.
78
Calculate the highest common factor of 8157 and 21.
3
What is the highest common divisor of 7819 and 847?
7
Calculate the highest common factor of 820 and 30586.
82
What is the greatest common divisor of 273 and 1586?
13
Calculate the highest common factor of 2580872 and 272.
136
Calculate the highest common factor of 150 and 4090.
10
Calculate the greatest common divisor of 945 and 837.
27
What is the highest common factor of 34 and 3142042?
34
Calculate the greatest common factor of 3230297 and 14.
7
Calculate the highest common divisor of 40 and 2005.
5
Calculate the highest common factor of 556 and 1743338.
278
Calculate the greatest common divisor of 73710 and 1326.
78
What is the highest common divisor of 728 and 31512?
104
What is the greatest common factor of 7134 and 464?
58
What is the greatest common divisor of 60522 and 243922?
1834
What is the highest common divisor of 5093 and 2303888?
463
Calculate the highest common divisor of 6042 and 1254.
114
What is the greatest common factor of 2618 and 3713633?
1309
Calculate the greatest common divisor of 123 and 4879.
41
Calculate the greatest common divisor of 1250387 and 236.
59
Calculate the greatest common divisor of 451 and 42517.
41
Calculate the highest common factor of 260 and 58344.
52
Calculate the highest common factor of 300 and 133910.
10
Calculate the highest common factor of 8 and 78972.
4
What is the highest common divisor of 44161 and 1580?
79
Calculate the highest common divisor of 9 and 435069.
9
What is the highest common divisor of 83 and 176?
1
What is the greatest common divisor of 5671 and 5141?
53
Calculate the greatest common divisor of 66 and 555819.
33
What is the greatest common divisor of 1450 and 2650?
50
Calculate the greatest common factor of 9635 and 71545.
205
Calculate the highest common divisor of 72 and 144288.
72
Calculate the greatest common divisor of 2628 and 9794556.
2628
Calculate the highest common factor of 5 and 122939.
1
Calculate the highest common factor of 24507 and 2961.
63
Calculate the greatest common factor of 2702 and 554682.
386
Calculate the highest common factor of 260 and 156.
52
Calculate the greatest common divisor of 6210 and 4320.
270
What is the greatest common divisor of 113850 and 1350?
450
What is the greatest common divisor of 74033 and 7878?
101
Calculate the greatest common factor of 22 and 383251.
11
What is the highest common factor of 817 and 731?
43
Calculate the highest common divisor of 154 and 39622.
22
Calculate the greatest common divisor of 60 and 145380.
60
Calculate the highest common factor of 88 and 285230.
22
Calculate the highest common divisor of 427658 and 154.
154
Calculate the greatest common factor of 3 and 81694.
1
What is the greatest common divisor of 49875 and 7467?
57
What is the greatest common factor of 148246 and 476?
14
Calculate the highest common divisor of 5400 and 8200.
200
Calculate the highest common divisor of 274 and 3429521.
137
What is the greatest common factor of 6804 and 40852?
28
Calculate the greatest common divisor of 985725 and 585.
585
What is the highest common divisor of 4266 and 14094?
54
What is the greatest common divisor of 4932 and 6354?
18
Calculate the greatest common divisor of 840 and 65352.
168
Calculate the highest common factor of 50 and 2232750.
50
What is the highest common divisor of 1400 and 5375?
25
What is the highest common factor of 3270 and 17400?
30
What is the highest common divisor of 8996 and 3806?
346
Calculate the greatest common factor of 80081 and 4599.
73
What is the greatest common factor of 16406 and 6045?
13
What is the highest common divisor of 49 and 1117599?
7
What is the greatest common divisor of 784 and 304?
16
What is the greatest common divisor of 960 and 106880?
320
What is the greatest common divisor of 984204 and 26?
26
What is the greatest common divisor of 78480 and 2412?
36
Calculate the highest common divisor of 1810 and 2258156.
362
Calculate the highest common factor of 556641 and 4572.
1143
Calculate the highest common factor of 75 and 83175.
75
Calculate the highest common factor of 1542 and 542.
2
Calculate the greatest common divisor of 42 and 870.
6
Calculate the greatest common factor of 16064 and 102659.
251
Calculate the highest common divisor of 83 and 120101.
83
Calculate the highest common divisor of 243852 and 336.
84
Calculate the highest common divisor of 1209 and 88784.
31
What is the highest common divisor of 14896 and 247?
19
What is the greatest common factor of 4620 and 1995?
105
What is the greatest common factor of 6837 and 903?
129
What is the greatest common divisor of 67532 and 8?
4
Calculate the highest common divisor of 46 and 1740.
2
Calculate the greatest common divisor of 32204 and 873.
97
Calculate the highest common divisor of 167934 and 390.
78
What is the highest common divisor of 107910 and 15?
15
Calculate the highest common factor of 31414 and 9492.
226
Calculate the highest common divisor of 31439 and 447.
149
Calculate the highest common divisor of 529 and 244927.
529
What is the highest common factor of 26244 and 1620?
324
Calculate the highest common factor of 18760 and 540.
20
Calculate the greatest common factor of 71691 and 414.
69
Calculate the greatest common divisor of 2635 and 1458209.
527
What is the highest common divisor of 621501 and 1338?
669
What is the greatest comm